r + 235. What is g(75)?
10
Let q(b) = 6*b**3 - 95*b**2 - 14*b - 43. Determine q(16).
-11
Let d(j) = -8*j**3 + 65*j**2 - 93*j - 37. Give d(6).
17
Let k(i) = 7*i - 29. Calculate k(21).
118
Let h(b) = b**3 - 7*b**2 + 10*b - 19. What is h(7)?
51
Let x(w) = 13*w**2 + 4*w + 3. Calculate x(-3).
108
Let k(m) = -57*m**2 + 22*m + 85. What is k(-3)?
-494
Let q(h) = 3*h**3 - 7*h**2 + 20*h - 103. What is q(5)?
197
Let l(d) = -35*d - 118. Give l(-5).
57
Let z(o) = -o**2 - 23*o + 197. Give z(-30).
-13
Let o(d) = 2*d**3 + 111*d**2 - 57*d - 29. What is o(-56)?
27
Let a(y) = 9*y**2 + 38*y - 90. Calculate a(3).
105
Let o(g) = 170*g - 2395. Calculate o(14).
-15
Let m(s) = s**3 - 6*s**2 - 9*s + 17. What is m(5)?
-53
Let u(o) = 152*o + 1532. Calculate u(-10).
12
Let g(j) = -j**3 - 21*j**2 - 14*j + 198. What is g(-21)?
492
Let g(v) = -v**2 - 11*v + 228. Determine g(-17).
126
Let j(p) = 2*p**2 - 310*p + 1503. Determine j(5).
3
Let l(g) = 296*g + 657. Calculate l(-3).
-231
Let p(x) = -x**2 + 1696*x - 36832. Calculate p(22).
-4
Let t(x) = 15485*x + 123888. What is t(-8)?
8
Let b(j) = 22*j**2 + 95*j + 10. What is b(-4)?
-18
Let u(r) = -2*r**2 - 36*r - 140. Calculate u(-10).
20
Let g(h) = 2*h**2 + 15*h - 558. What is g(-21)?
9
Let d(t) = 278*t**2 + 115*t - 113. Calculate d(1).
280
Let p(q) = -628*q + 6284. Calculate p(10).
4
Let h(r) = -11*r**3 + 2*r**2 - 21*r + 31. Give h(2).
-91
Let m(o) = 2*o**2 + 36*o + 71. What is m(-2)?
7
Let u(s) = s**2 + 1554*s + 20027. Calculate u(-13).
-6
Let d(i) = -22*i - 136. Calculate d(-9).
62
Let i(u) = -28*u**2 - 441*u - 20. What is i(-16)?
-132
Let w(m) = 101*m + 575. Calculate w(-6).
-31
Let j(b) = 22*b**2 - 4*b + 2. Calculate j(-1).
28
Let h(x) = -145*x + 83. What is h(7)?
-932
Let v(l) = -2*l**3 - 208*l**2 - 410*l - 199. What is v(-102)?
5
Let f(m) = -2*m**2 - 62*m - 101. What is f(-26)?
159
Let a(f) = 9*f**3 - 39*f**2 - 6*f + 19. Calculate a(5).
139
Let z(u) = -u**2 + 35*u - 236. Calculate z(9).
-2
Let s(r) = -2225*r - 11043. Determine s(-5).
82
Let j(b) = b**2 - 133*b + 876. What is j(126)?
-6
Let r(i) = -i**3 - 7*i**2 + 590*i + 3569. Give r(-6).
-7
Let d(l) = 23*l**2 + 6*l + 7. Calculate d(-2).
87
Let s(i) = 7*i**2 - 277*i + 115. Determine s(39).
-41
Let b(u) = 2*u**3 + 16*u**2 + 44*u + 62. Determine b(-5).
-8
Let c(s) = 2*s**3 + 18*s**2 + 40*s + 181. Give c(-8).
-11
Let s(d) = 8*d - 139. Give s(17).
-3
Let i(w) = 2*w**2 - 59*w - 55. What is i(29)?
-84
Let x(c) = -15*c + 127. Give x(21).
-188
Let a(z) = -5*z**2 + 15*z + 2. Determine a(2).
12
Let o(u) = -101*u + 542. Give o(6).
-64
Let d(w) = -203*w + 1486. Determine d(6).
268
Let q(g) = -6*g**3 - 155*g**2 + 570*g + 14146. Calculate q(-26).
2
Let l(j) = -2*j**3 - 80*j**2 - 493*j + 617. Determine l(-32).
9
Let f(a) = a**2 + 16*a - 28. Determine f(3).
29
Let m(s) = 1875*s + 28084. What is m(-15)?
-41
Let i(b) = 2*b**3 + 44*b**2 - 10*b + 11. Calculate i(-22).
231
Let a(x) = 5*x**3 - 57*x**2 + 67*x + 36. What is a(10)?
6
Let g(y) = 2*y**2 + 49*y + 23. Give g(-25).
48
Let x(z) = -1147*z + 8019. What is x(7)?
-10
Let l(f) = 51*f**2 + 763*f - 28. Give l(-15).
2
Let a(j) = j**2 + 47*j - 1972. Determine a(-74).
26
Let u(j) = -4*j**2 - 10*j - 8. Determine u(-2).
-4
Let c(n) = n**3 + 42*n**2 - n - 27. What is c(-42)?
15
Let y(u) = -238*u - 1857. Determine y(-8).
47
Let c(h) = 392*h + 74476. Determine c(-190).
-4
Let x(c) = c**3 + 14*c**2 - 21*c - 322. Calculate x(-14).
-28
Let n(m) = 15*m - 172. What is n(14)?
38
Let b(f) = 2*f**3 + 24*f**2 - 17*f - 17. Calculate b(-13).
-134
Let g(f) = -693*f - 5460. Give g(-8).
84
Let s(o) = 2*o**2 - 136*o - 855. Give s(-6).
33
Let i(r) = -r**2 + 32*r - 187. Determine i(22).
33
Let f(y) = -41*y + 9582. Determine f(234).
-12
Let f(n) = -n**3 + 4*n**2 + 179*n + 203. Calculate f(16).
-5
Let z(q) = -9*q**2 + 4*q + 32. Give z(-2).
-12
Let t(g) = -g**2 - 114*g - 1013. Give t(-10).
27
Let q(m) = 2997*m - 107. What is q(0)?
-107
Let k(d) = -101*d - 194. Give k(-5).
311
Let b(o) = 265*o**2 - 1065*o + 71. What is b(4)?
51
Let u(b) = -b**2 + 97*b + 2027. Determine u(-17).
89
Let w(u) = u**3 + 5*u**2 - 61*u - 375. Calculate w(-7).
-46
Let r(b) = 2*b**2 + 91*b + 142. Calculate r(-44).
10
Let c(v) = -v**2 + 6*v + 24. What is c(-7)?
-67
Let t(z) = -z**3 + 4*z**2 + 28*z - 45. Determine t(10).
-365
Let r(c) = -7*c - 405. Calculate r(-26).
-223
Let k(j) = -33*j**2 + 80*j - 46. Calculate k(1).
1
Let k(w) = w**2 - 30*w - 166. Calculate k(35).
9
Let z(r) = -9*r**2 - 197*r - 348. Calculate z(-20).
-8
Let i(g) = 1180*g**2 - 80239*g - 63. Determine i(68).
5
Let i(n) = 2*n**3 - 18*n**2 - 4*n - 2. Determine i(10).
158
Let m(v) = v**3 + 10*v**2 - 31*v - 59. Calculate m(-12).
25
Let z(b) = -2*b**2 - 65*b - 222. Give z(-28).
30
Let q(a) = 113*a - 1697. Give q(15).
-2
Let b(k) = k**3 - 8*k**2 - 36*k - 32. What is b(-5)?
-177
Let p(m) = m**3 + 21*m**2 - 6*m - 13. Give p(-21).
113
Let o(v) = v**3 - 5*v**2 + 15*v - 173. What is o(8)?
139
Let a(y) = y**3 + 19*y**2 - 91*y + 6. Calculate a(0).
6
Let v(p) = -p**3 + 11*p**2 + 40*p - 3. Calculate v(13).
179
Let s(o) = -4*o + 23. What is s(6)?
-1
Let b(t) = -2*t**2 - 28*t + 1585. Give b(22).
1
Let z(l) = -l**2 + 45*l + 1804. Give z(71).
-42
Let x(f) = -f**3 + 43*f**2 - 444*f - 145. Calculate x(25).
5
Let l(q) = 105*q + 223. What is l(-3)?
-92
Let y(w) = -w**2 + 516*w + 38411. What is y(-66)?
-1
Let k(a) = 220*a - 35604. What is k(162)?
36
Let b(m) = 3*m - 48. What is b(-3)?
-57
Let u(d) = -1022*d - 6134. Determine u(-6).
-2
Let b(i) = -122*i + 3288. Calculate b(27).
-6
Let z(x) = -428*x - 1904. Determine z(-4).
-192
Let m(d) = -4*d**3 + 92*d**2 + 92*d + 83. Determine m(24).
-13
Let c(n) = -361*n - 3262. Determine c(-9).
-13
Let k(d) = d**2 + 22*d + 16. What is k(-20)?
-24
Let r(o) = o**3 - 46*o**2 + 36*o + 463. Give r(45).
58
Let q(n) = -n**2 + 6*n + 109. Determine q(-9).
-26
Let s(t) = 2908*t + 17443. Give s(-6).
-5
Let t(y) = -y**2 - 93*y - 1467. Calculate t(-20).
-7
Let y(q) = -2*q**2 + 232*q - 1498. Determine y(109).
28
Let i(z) = 21*z - 100. Determine i(6).
26
Let b(o) = -3*o + 212. Calculate b(55).
47
Let j(y) = -y**2 + 42*y - 343. Calculate j(8).
-71
Let f(s) = -2*s**2 + 37*s + 30. Calculate f(19).
11
Let r(k) = -k**3 + 14*k**2 + 7*k + 5. Determine r(14).
103
Let o(n) = -n**2 - 221*n - 8305. Give o(-48).
-1
Let i(j) = 145*j + 48. Give i(0).
48
Let h(i) = 31*i - 1156. What is h(31)?
-195
Let c(p) = -13*p - 695. Calculate c(-54).
7
Let n(x) = -130*x - 5833. Determine n(-45).
17
Let r(y) = 222*y + 404. Determine r(-3).
-262
Let m(h) = -11*h**2 - 62*h - 13. Calculate m(-7).
-118
Let h(g) = -g**3 + 19*g**2 - 84*g - 55. Give h(11).
-11
Let d(k) = 16*k + 1671. Calculate d(-104).
7
Let b(r) = -2*r**2 + 59*r + 31. Calculate b(19).
430
Let c(g) = -53*g**2 + 17*g. Calculate c(-3).
-528
Let j(u) = -2*u**2 + 132*u - 492. What is j(62)?
4
Let u(g) = -313*g + 321. Calculate u(2).
-305
Let f(u) = -19*u**2 - 512*u + 49. Determine f(-27).
22
Let p(o) = -2*o**3 + 5*o**2 - 3*o + 17. Determine p(4).
-43
Let a(b) = 2236*b + 8938. Calculate a(-4).
-6
Let y(x) = 3*x**2 - 87*x + 670. What is y(20)?
130
Let t(r) = -r**3 + 6*r**2 - 43*r - 2. Give t(6).
-260
Let r(u) = 144*u + 4251. Calculate r(-29).
75
Let x(c) = c**3 + 356*c**2 - 307*c + 17852. Determine x(-357).
2
Let b(g) = 170*g + 143. Give b(-1).
-27
Let m(x) = x**3 - 45*x**2 + 464*x - 10. Calculate m(16).
-10
Let b(o) = -79*o + 1524. What is b(17)?
181
Let g(b) = -543*b - 7045. Give g(-13).
14
Let y(f) = 43*f - 1075. Determine y(25).
0
Let k(f) = 2*f**3 + 19*f**2 - 78*f - 480. What is k(-11)?
15
Let u(t) = -2*t**2 + 148*t + 302. Give u(76).
-2
Let t(v) = v**3 + 24*v**2 + 75*v + 105. Determine t(-22).
-577
Let z(x) = -41*x + 1739. Determine z(44).
-65
Let l(h) = -2*h**3 - 67*h**2 - 39*h - 326. Calculate l(-33).
-128
Let d(g) = -19*g + 128. Determine d(4).
52
Let r(t) = -t**3 + 52*t**2 + 7*t - 320. Determine r(52).
44
Let j(a) = a**3 - 22*a**2 - 245*a - 9. Determine j(-8).
31
Let u(z) = -128*z - 1782. Determine u(-14).
10
Let s(v) = v**3 + 10*v**2 - 28*v - 95. Calculate s(-12).
-47
Let v(c) = -c**2 - 51*c - 616. What is v(-31)?
4
Let g(o) = 4*o**2 + 4*o - 9. Calculate g(-8).
215
Let p(i) = 12*i + 71. Calculate p(-12).
-73
Let j(l) = -5*l**2 - 111*l - 440. What is j(-17)?
2
Let x(h) = -1668*h - 14946. Calcul